

{"id":3035,"date":"2021-02-03T23:15:37","date_gmt":"2021-02-03T23:15:37","guid":{"rendered":"http:\/\/localhost\/matimat\/?page_id=3035"},"modified":"2021-02-10T03:48:17","modified_gmt":"2021-02-10T03:48:17","slug":"condicoes-de-devolucao-e-reembolso","status":"publish","type":"page","link":"https:\/\/lojamatimat.pt\/?page_id=3035","title":{"rendered":"Condi\u00e7\u00f5es de devolu\u00e7\u00e3o e reembolso"},"content":{"rendered":"\t\t<div data-elementor-type=\"wp-post\" data-elementor-id=\"3035\" class=\"elementor elementor-3035\" data-elementor-settings=\"[]\">\n\t\t\t\t\t\t<div class=\"elementor-inner\">\n\t\t\t\t\t\t\t<div class=\"elementor-section-wrap\">\n\t\t\t\t\t\t\t<section class=\"elementor-section elementor-top-section elementor-element elementor-element-c888734 elementor-section-boxed elementor-section-height-default elementor-section-height-default\" data-id=\"c888734\" data-element_type=\"section\">\n\t\t\t\t\t\t<div class=\"elementor-container elementor-column-gap-default\">\n\t\t\t\t\t\t\t<div class=\"elementor-row\">\n\t\t\t\t\t<div class=\"elementor-column elementor-col-100 elementor-top-column elementor-element elementor-element-738d919\" data-id=\"738d919\" data-element_type=\"column\">\n\t\t\t<div class=\"elementor-column-wrap elementor-element-populated\">\n\t\t\t\t\t\t\t<div class=\"elementor-widget-wrap\">\n\t\t\t\t\t\t<div class=\"elementor-element elementor-element-9aedd84 elementor-widget elementor-widget-text-editor\" data-id=\"9aedd84\" data-element_type=\"widget\" data-widget_type=\"text-editor.default\">\n\t\t\t\t<div class=\"elementor-widget-container\">\n\t\t\t\t\t\t\t\t<div class=\"elementor-text-editor elementor-clearfix\">\n\t\t\t\t\t<pre style=\"margin-bottom: 0px; text-align: justify; font-variant-numeric: normal; font-variant-east-asian: normal; font-stretch: normal; font-size: 12px; line-height: normal; font-family: Arial; color: #000000;\"><b>Direito \u00e0 Livre Resolu\u00e7\u00e3o<\/b><\/pre>\t\t\t\t\t<\/div>\n\t\t\t\t\t\t<\/div>\n\t\t\t\t<\/div>\n\t\t\t\t\t\t<\/div>\n\t\t\t\t\t<\/div>\n\t\t<\/div>\n\t\t\t\t\t\t\t\t<\/div>\n\t\t\t\t\t<\/div>\n\t\t<\/section>\n\t\t\t\t<section class=\"elementor-section elementor-top-section elementor-element elementor-element-c33bbea elementor-section-boxed elementor-section-height-default elementor-section-height-default\" data-id=\"c33bbea\" data-element_type=\"section\">\n\t\t\t\t\t\t<div class=\"elementor-container elementor-column-gap-default\">\n\t\t\t\t\t\t\t<div class=\"elementor-row\">\n\t\t\t\t\t<div class=\"elementor-column elementor-col-100 elementor-top-column elementor-element elementor-element-c8f97ac\" data-id=\"c8f97ac\" data-element_type=\"column\">\n\t\t\t<div class=\"elementor-column-wrap elementor-element-populated\">\n\t\t\t\t\t\t\t<div class=\"elementor-widget-wrap\">\n\t\t\t\t\t\t<div class=\"elementor-element elementor-element-fa3aa3e elementor-widget elementor-widget-text-editor\" data-id=\"fa3aa3e\" data-element_type=\"widget\" data-widget_type=\"text-editor.default\">\n\t\t\t\t<div class=\"elementor-widget-container\">\n\t\t\t\t\t\t\t\t<div class=\"elementor-text-editor elementor-clearfix\">\n\t\t\t\t\t<p class=\"p1\" style=\"margin-bottom: 0px; text-align: justify; font-variant-numeric: normal; font-variant-east-asian: normal; font-stretch: normal; font-size: 12px; line-height: normal; font-family: Arial; color: #000000;\">Poder\u00e1 devolver produtos novos, completos e nas embalagens originais no prazo de 14 dias contados a partir da rece\u00e7\u00e3o da encomenda. Os custos de transporte da devolu\u00e7\u00e3o ser\u00e3o a cargo do comprador na mesma medida do custo da encomenda.<\/p><p class=\"p2\" style=\"margin-bottom: 0px; text-align: justify; font-variant-numeric: normal; font-variant-east-asian: normal; font-stretch: normal; font-size: 12px; line-height: normal; font-family: Arial; min-height: 14px; color: #000000;\">\u00a0<\/p><p class=\"p1\" style=\"margin-bottom: 0px; text-align: justify; font-variant-numeric: normal; font-variant-east-asian: normal; font-stretch: normal; font-size: 12px; line-height: normal; font-family: Arial; color: #000000;\">Produtos incompletos, estragados ou utilizados pelo cliente n\u00e3o ser\u00e3o aceites.<\/p><p class=\"p2\" style=\"margin-bottom: 0px; text-align: justify; font-variant-numeric: normal; font-variant-east-asian: normal; font-stretch: normal; font-size: 12px; line-height: normal; font-family: Arial; min-height: 14px; color: #000000;\">\u00a0<\/p><p class=\"p1\" style=\"margin-bottom: 0px; text-align: justify; font-variant-numeric: normal; font-variant-east-asian: normal; font-stretch: normal; font-size: 12px; line-height: normal; font-family: Arial; color: #000000;\">Para a devolu\u00e7\u00e3o de ferramentas, a devolu\u00e7\u00e3o s\u00f3 ser\u00e1 efetuada caso o produto objeto da devolu\u00e7\u00e3o n\u00e3o tenha sido utilizado e mantenha a sua embalagem, selos de embalagem e etiquetas originais e intactas.<\/p><p class=\"p2\" style=\"margin-bottom: 0px; text-align: justify; font-variant-numeric: normal; font-variant-east-asian: normal; font-stretch: normal; font-size: 12px; line-height: normal; font-family: Arial; min-height: 14px; color: #000000;\">\u00a0<\/p><p class=\"p1\" style=\"margin-bottom: 0px; text-align: justify; font-variant-numeric: normal; font-variant-east-asian: normal; font-stretch: normal; font-size: 12px; line-height: normal; font-family: Arial; color: #000000;\">Se pretender efetuar uma devolu\u00e7\u00e3o ou troca, dever\u00e1 contactar o apoio ao cliente a MATIMAT -Materiais de Constru\u00e7\u00e3o, LDA.,\u00a0de forma a lhe dar as indica\u00e7\u00f5es para a devolu\u00e7\u00e3o do(s) artigo(s).<\/p><p class=\"p2\" style=\"margin-bottom: 0px; text-align: justify; font-variant-numeric: normal; font-variant-east-asian: normal; font-stretch: normal; font-size: 12px; line-height: normal; font-family: Arial; min-height: 14px; color: #000000;\">\u00a0<\/p><p class=\"p1\" style=\"margin-bottom: 0px; text-align: justify; font-variant-numeric: normal; font-variant-east-asian: normal; font-stretch: normal; font-size: 12px; line-height: normal; font-family: Arial; color: #000000;\">A devolu\u00e7\u00e3o pode ser feita dentro do prazo referido numa das seguintes moradas com o respetivo comprovativo de compra ou envio por correio para a loja de Lisboa.<\/p><p class=\"p1\" style=\"margin-bottom: 0px; text-align: justify; font-variant-numeric: normal; font-variant-east-asian: normal; font-stretch: normal; font-size: 12px; line-height: normal; font-family: Arial; color: #000000;\">Este servi\u00e7o est\u00e1 dispon\u00edvel de segunda a sexta-feira, das 13h00 \u00e0s 17h30 e n\u00e3o \u00e9 poss\u00edvel marcar uma hora espec\u00edfica, apenas uma data.<\/p><p class=\"p3\" style=\"margin-bottom: 0px; font-variant-numeric: normal; font-variant-east-asian: normal; font-stretch: normal; font-size: 12px; line-height: normal; font-family: Arial; color: #000000;\">N\u00e3o est\u00e3o abrangidos pela Pol\u00edtica Comercial de Satisfa\u00e7\u00e3o Devolu\u00e7\u00e3o os seguintes artigos:<br \/>&#8211; Com sinais de utiliza\u00e7\u00e3o, instala\u00e7\u00e3o ou montagem<br \/>&#8211; Avariados com provas evidentes de m\u00e1 utiliza\u00e7\u00e3o<br \/>&#8211; Adquiridos no regime de Venda por Encomenda Especial\u00a0<br \/>&#8211; Consum\u00edveis e abrasivos<\/p><p class=\"p4\" style=\"margin-bottom: 0px; font-variant-numeric: normal; font-variant-east-asian: normal; font-stretch: normal; font-size: 12px; line-height: normal; font-family: Arial; min-height: 14px; color: #000000;\">\u00a0<\/p><p class=\"p1\" style=\"margin-bottom: 0px; text-align: justify; font-variant-numeric: normal; font-variant-east-asian: normal; font-stretch: normal; font-size: 12px; line-height: normal; font-family: Arial; color: #000000;\"><b><i>Os produtos fabricados \u00e0 medida do cliente, caso dos pain\u00e9is sandwich e remates, s\u00e3o produzidos com medidas especificas que s\u00f3 servem para aquele cliente pelo que, s\u00f3 ser\u00e3o objeto de devolu\u00e7\u00e3o produtos com defeito de fabrico.<\/i><\/b><\/p>\t\t\t\t\t<\/div>\n\t\t\t\t\t\t<\/div>\n\t\t\t\t<\/div>\n\t\t\t\t\t\t<\/div>\n\t\t\t\t\t<\/div>\n\t\t<\/div>\n\t\t\t\t\t\t\t\t<\/div>\n\t\t\t\t\t<\/div>\n\t\t<\/section>\n\t\t\t\t<section class=\"elementor-section elementor-top-section elementor-element elementor-element-d5e61f3 elementor-section-boxed elementor-section-height-default elementor-section-height-default\" data-id=\"d5e61f3\" data-element_type=\"section\">\n\t\t\t\t\t\t<div class=\"elementor-container elementor-column-gap-default\">\n\t\t\t\t\t\t\t<div class=\"elementor-row\">\n\t\t\t\t\t<div class=\"elementor-column elementor-col-100 elementor-top-column elementor-element elementor-element-b7f3a31\" data-id=\"b7f3a31\" data-element_type=\"column\">\n\t\t\t<div class=\"elementor-column-wrap elementor-element-populated\">\n\t\t\t\t\t\t\t<div class=\"elementor-widget-wrap\">\n\t\t\t\t\t\t<div class=\"elementor-element elementor-element-addbd19 elementor-widget elementor-widget-text-editor\" data-id=\"addbd19\" data-element_type=\"widget\" data-widget_type=\"text-editor.default\">\n\t\t\t\t<div class=\"elementor-widget-container\">\n\t\t\t\t\t\t\t\t<div class=\"elementor-text-editor elementor-clearfix\">\n\t\t\t\t\t<pre style=\"margin-top: 7.5px; margin-bottom: 7.5px; text-align: justify; font-variant-numeric: normal; font-variant-east-asian: normal; font-stretch: normal; font-size: 12px; line-height: normal; font-family: Arial; color: #000000;\"><span class=\"s1\" style=\"font-kerning: none;\"><b>Produtos com defeito<\/b><\/span><\/pre>\t\t\t\t\t<\/div>\n\t\t\t\t\t\t<\/div>\n\t\t\t\t<\/div>\n\t\t\t\t\t\t<\/div>\n\t\t\t\t\t<\/div>\n\t\t<\/div>\n\t\t\t\t\t\t\t\t<\/div>\n\t\t\t\t\t<\/div>\n\t\t<\/section>\n\t\t\t\t<section class=\"elementor-section elementor-top-section elementor-element elementor-element-79ae50e elementor-section-boxed elementor-section-height-default elementor-section-height-default\" data-id=\"79ae50e\" data-element_type=\"section\">\n\t\t\t\t\t\t<div class=\"elementor-container elementor-column-gap-default\">\n\t\t\t\t\t\t\t<div class=\"elementor-row\">\n\t\t\t\t\t<div class=\"elementor-column elementor-col-100 elementor-top-column elementor-element elementor-element-a0128bb\" data-id=\"a0128bb\" data-element_type=\"column\">\n\t\t\t<div class=\"elementor-column-wrap elementor-element-populated\">\n\t\t\t\t\t\t\t<div class=\"elementor-widget-wrap\">\n\t\t\t\t\t\t<div class=\"elementor-element elementor-element-9facee8 elementor-widget elementor-widget-text-editor\" data-id=\"9facee8\" data-element_type=\"widget\" data-widget_type=\"text-editor.default\">\n\t\t\t\t<div class=\"elementor-widget-container\">\n\t\t\t\t\t\t\t\t<div class=\"elementor-text-editor elementor-clearfix\">\n\t\t\t\t\t<p class=\"p1\" style=\"margin-bottom: 0px; text-align: justify; font-variant-numeric: normal; font-variant-east-asian: normal; font-stretch: normal; font-size: 12px; line-height: normal; font-family: Arial; color: #000000;\">Garantimos a satisfa\u00e7\u00e3o dos nossos clientes e n\u00e3o queremos que estes comprem produtos que possam ter escapado no controlo de qualidade. Por isso, se acha que lhe enviamos um produto defeituoso, por favor contacte o nosso servi\u00e7o de\u00a0Apoio ao Cliente (encomendas@matimat.pt)\u00a0no prazo de 14 dias a partir da rece\u00e7\u00e3o da encomenda para que possamos agendar a recolha do produto.<\/p><p class=\"p2\" style=\"margin-top: 7.5px; margin-bottom: 7.5px; text-align: justify; font-variant-numeric: normal; font-variant-east-asian: normal; font-stretch: normal; font-size: 12px; line-height: normal; font-family: Arial; color: #000000;\"><span class=\"s1\" style=\"font-kerning: none;\">Ser\u00e3o necess\u00e1rios os seguintes dados:<\/span><\/p><p class=\"p3\" style=\"margin-bottom: 0px; font-variant-numeric: normal; font-variant-east-asian: normal; font-stretch: normal; font-size: 12px; line-height: normal; font-family: Arial; color: #000000;\">&#8211; N\u00famero da encomenda\u00a0<br \/>&#8211; Refer\u00eancia e nome do produto\u00a0<br \/>&#8211; Detalhes do defeito\u00a0<br \/>&#8211; Se pretende um reembolso ou uma substitui\u00e7\u00e3o do produto\u00a0<br \/>&#8211; Uma fotografia do defeito do produto enviada para o nosso e-mail.<\/p>\t\t\t\t\t<\/div>\n\t\t\t\t\t\t<\/div>\n\t\t\t\t<\/div>\n\t\t\t\t\t\t<\/div>\n\t\t\t\t\t<\/div>\n\t\t<\/div>\n\t\t\t\t\t\t\t\t<\/div>\n\t\t\t\t\t<\/div>\n\t\t<\/section>\n\t\t\t\t\t\t<\/div>\n\t\t\t\t\t\t<\/div>\n\t\t\t\t\t<\/div>\n\t\t","protected":false},"excerpt":{"rendered":"<p>Direito \u00e0 Livre Resolu\u00e7\u00e3o Poder\u00e1 devolver produtos novos, completos e nas embalagens originais no prazo de 14 dias contados a partir da rece\u00e7\u00e3o da encomenda. Os custos de transporte da devolu\u00e7\u00e3o ser\u00e3o a cargo do comprador na mesma medida do custo da encomenda. &nbsp; Produtos incompletos, estragados ou utilizados pelo cliente n\u00e3o ser\u00e3o aceites. &nbsp; [&hellip;]<\/p>\n","protected":false},"author":2,"featured_media":0,"parent":0,"menu_order":0,"comment_status":"closed","ping_status":"closed","template":"","meta":[],"_links":{"self":[{"href":"https:\/\/lojamatimat.pt\/index.php?rest_route=\/wp\/v2\/pages\/3035"}],"collection":[{"href":"https:\/\/lojamatimat.pt\/index.php?rest_route=\/wp\/v2\/pages"}],"about":[{"href":"https:\/\/lojamatimat.pt\/index.php?rest_route=\/wp\/v2\/types\/page"}],"author":[{"embeddable":true,"href":"https:\/\/lojamatimat.pt\/index.php?rest_route=\/wp\/v2\/users\/2"}],"replies":[{"embeddable":true,"href":"https:\/\/lojamatimat.pt\/index.php?rest_route=%2Fwp%2Fv2%2Fcomments&post=3035"}],"version-history":[{"count":8,"href":"https:\/\/lojamatimat.pt\/index.php?rest_route=\/wp\/v2\/pages\/3035\/revisions"}],"predecessor-version":[{"id":3210,"href":"https:\/\/lojamatimat.pt\/index.php?rest_route=\/wp\/v2\/pages\/3035\/revisions\/3210"}],"wp:attachment":[{"href":"https:\/\/lojamatimat.pt\/index.php?rest_route=%2Fwp%2Fv2%2Fmedia&parent=3035"}],"curies":[{"name":"wp","href":"https:\/\/api.w.org\/{rel}","templated":true}]}}