

{"id":2544,"date":"2021-01-04T17:48:26","date_gmt":"2021-01-04T17:48:26","guid":{"rendered":"http:\/\/localhost\/matimat\/?post_type=product&#038;p=2544"},"modified":"2025-04-19T08:09:47","modified_gmt":"2025-04-19T07:09:47","slug":"betofast-df-th8-3c-bleu-66x150-g16-d","status":"publish","type":"product","link":"https:\/\/lojamatimat.pt\/?product=betofast-df-th8-3c-bleu-66x150-g16-d","title":{"rendered":"Parafuso Ch\/Bet\u00e3o DF TH8 3C Bleu 6,6&#215;150 G16"},"content":{"rendered":"","protected":false},"excerpt":{"rendered":"<p>Pre\u00e7os v\u00e1lidos para encomendas de valor igual ou superior a 100\u20ac.<\/p>\n<p>Produto vendido em embalagens de 100 unidades cada.<\/p>\n","protected":false},"featured_media":2211,"comment_status":"open","ping_status":"closed","template":"","meta":[],"_links":{"self":[{"href":"https:\/\/lojamatimat.pt\/index.php?rest_route=\/wp\/v2\/product\/2544"}],"collection":[{"href":"https:\/\/lojamatimat.pt\/index.php?rest_route=\/wp\/v2\/product"}],"about":[{"href":"https:\/\/lojamatimat.pt\/index.php?rest_route=\/wp\/v2\/types\/product"}],"replies":[{"embeddable":true,"href":"https:\/\/lojamatimat.pt\/index.php?rest_route=%2Fwp%2Fv2%2Fcomments&post=2544"}],"version-history":[{"count":7,"href":"https:\/\/lojamatimat.pt\/index.php?rest_route=\/wp\/v2\/product\/2544\/revisions"}],"predecessor-version":[{"id":3477,"href":"https:\/\/lojamatimat.pt\/index.php?rest_route=\/wp\/v2\/product\/2544\/revisions\/3477"}],"wp:featuredmedia":[{"embeddable":true,"href":"https:\/\/lojamatimat.pt\/index.php?rest_route=\/wp\/v2\/media\/2211"}],"wp:attachment":[{"href":"https:\/\/lojamatimat.pt\/index.php?rest_route=%2Fwp%2Fv2%2Fmedia&parent=2544"}],"curies":[{"name":"wp","href":"https:\/\/api.w.org\/{rel}","templated":true}]}}