

{"id":2592,"date":"2021-01-26T17:45:56","date_gmt":"2021-01-26T17:45:56","guid":{"rendered":"http:\/\/localhost\/matimat\/?post_type=product&#038;p=2592"},"modified":"2024-09-16T00:33:56","modified_gmt":"2024-09-15T23:33:56","slug":"pipeco-no4-o70-a-177-2","status":"publish","type":"product","link":"https:\/\/lojamatimat.pt\/?product=pipeco-no4-o70-a-177-2","title":{"rendered":"Pipeco n\u00ba4 \u00d870 a 177"},"content":{"rendered":"","protected":false},"excerpt":{"rendered":"<p>Pre\u00e7os v\u00e1lidos para encomendas de valor igual ou superior a 100\u20ac.<\/p>\n<p>Produto vendido \u00e0 unidade.<\/p>\n","protected":false},"featured_media":2227,"comment_status":"open","ping_status":"closed","template":"","meta":[],"_links":{"self":[{"href":"https:\/\/lojamatimat.pt\/index.php?rest_route=\/wp\/v2\/product\/2592"}],"collection":[{"href":"https:\/\/lojamatimat.pt\/index.php?rest_route=\/wp\/v2\/product"}],"about":[{"href":"https:\/\/lojamatimat.pt\/index.php?rest_route=\/wp\/v2\/types\/product"}],"replies":[{"embeddable":true,"href":"https:\/\/lojamatimat.pt\/index.php?rest_route=%2Fwp%2Fv2%2Fcomments&post=2592"}],"version-history":[{"count":3,"href":"https:\/\/lojamatimat.pt\/index.php?rest_route=\/wp\/v2\/product\/2592\/revisions"}],"predecessor-version":[{"id":3443,"href":"https:\/\/lojamatimat.pt\/index.php?rest_route=\/wp\/v2\/product\/2592\/revisions\/3443"}],"wp:featuredmedia":[{"embeddable":true,"href":"https:\/\/lojamatimat.pt\/index.php?rest_route=\/wp\/v2\/media\/2227"}],"wp:attachment":[{"href":"https:\/\/lojamatimat.pt\/index.php?rest_route=%2Fwp%2Fv2%2Fmedia&parent=2592"}],"curies":[{"name":"wp","href":"https:\/\/api.w.org\/{rel}","templated":true}]}}