

{"id":965,"date":"2019-04-09T16:57:15","date_gmt":"2019-04-09T15:57:15","guid":{"rendered":"http:\/\/localhost\/matimat\/?post_type=product&#038;p=965"},"modified":"2024-09-16T00:47:31","modified_gmt":"2024-09-15T23:47:31","slug":"pipeco-no4-o70-a-177","status":"publish","type":"product","link":"https:\/\/lojamatimat.pt\/?product=pipeco-no4-o70-a-177","title":{"rendered":"Pipeco n\u00ba4 \u00d870 a 177"},"content":{"rendered":"","protected":false},"excerpt":{"rendered":"<p>Pre\u00e7os v\u00e1lidos para encomendas de valor igual ou superior a 100\u20ac.<\/p>\n<p>Produto vendido \u00e0 unidade.<\/p>\n","protected":false},"featured_media":1309,"comment_status":"open","ping_status":"closed","template":"","meta":[],"_links":{"self":[{"href":"https:\/\/lojamatimat.pt\/index.php?rest_route=\/wp\/v2\/product\/965"}],"collection":[{"href":"https:\/\/lojamatimat.pt\/index.php?rest_route=\/wp\/v2\/product"}],"about":[{"href":"https:\/\/lojamatimat.pt\/index.php?rest_route=\/wp\/v2\/types\/product"}],"replies":[{"embeddable":true,"href":"https:\/\/lojamatimat.pt\/index.php?rest_route=%2Fwp%2Fv2%2Fcomments&post=965"}],"version-history":[{"count":5,"href":"https:\/\/lojamatimat.pt\/index.php?rest_route=\/wp\/v2\/product\/965\/revisions"}],"predecessor-version":[{"id":3473,"href":"https:\/\/lojamatimat.pt\/index.php?rest_route=\/wp\/v2\/product\/965\/revisions\/3473"}],"wp:featuredmedia":[{"embeddable":true,"href":"https:\/\/lojamatimat.pt\/index.php?rest_route=\/wp\/v2\/media\/1309"}],"wp:attachment":[{"href":"https:\/\/lojamatimat.pt\/index.php?rest_route=%2Fwp%2Fv2%2Fmedia&parent=965"}],"curies":[{"name":"wp","href":"https:\/\/api.w.org\/{rel}","templated":true}]}}